 + -1 + 9 - -22?
1
Calculate (-1 - (29 + -3)) + (3058 - 3091).
-60
What is 26 - (-45 - (-10 + -23))?
38
23 - (-107 + (19 - (27 + -3))) - 14
121
What is -52 + (-18 - (-5 + -46))?
-19
Calculate -7 + (17 - (24 - 0)) + 27.
13
What is the value of 40 - 1 - (7 + (-24 - -27)) - (-15 + 2)?
42
62 + -1 + 170 + -191
40
8 + -12 - 8 - (-59 - -8)
39
What is the value of 4 - (8 + (4 - ((6 - -4) + -3)))?
-1
-71 + (6 - 18) + 102
19
Calculate -15 + (-8 + 1 - (-23 - -2)) - -43.
42
0 + -143 - (152 - (-31 + 195))
-131
What is -10 + 11 - 12 - (-1 + -55 - -4)?
41
Evaluate 0 + 1 + (-3 - -14) + 9848 + -9877.
-17
Calculate (-10 - -14) + 5 + -2 + (143 - (-17 - -78)).
89
What is the value of (-27 - (4 + -2)) + (846 - 839)?
-22
What is -46 + 57 + (7 - 3 - 6) + -25?
-16
-6 + (-18 - (-8 - 19 - -8)) - -20
15
-46 + -7 + 7 + -5 - (-10 + 23 + -3)
-61
-11 - (14 - (-11 + 37 - 88))
-87
Evaluate 18 + -163 + 52 - -156.
63
Calculate (-35 + 6 - -7) + (36 - 37) + -51.
-74
-62 - -111 - 49 - 59
-59
Calculate 67 + (62 - (69 - -44)).
16
Evaluate 1 + (-48 + 5 - (6 - (1 - -7))).
-40
Evaluate -9 + 2 + -1 - (-10 + 112 + 2 + -64).
-48
What is the value of -871 - -917 - (5 + 88)?
-47
What is -1277 + 1297 - (-2 + 47 - -1)?
-26
((-6 - -21) + (7 - 15) - 9) + -12
-14
Calculate 13 - (-307 - -306 - (32 - -1)).
47
24 - -1 - ((64 - 86) + 71)
-24
Evaluate (4 - -6) + -2 + 1 + -59.
-50
What is the value of 64 + -19 + 27 - (36 - 0)?
36
What is 103 + -55 + -121 + 21?
-52
What is 2 + 3 + ((12 - -14) + -40 - -34)?
25
Calculate 4 + -4 + 3 + 0 + 8 - (-544 + 549).
6
What is the value of -8 + (-1 - -1) + -2 + -77 + 37 + 40?
-10
Evaluate -16 - -24 - (1 + -10 - -2).
15
-15 + -8 + -13 + 0 + 11 - -7
-18
What is the value of -2 + (0 - (85 + -32)) + -1?
-56
What is the value of -4 + ((-2 - -3) + -75 - (-623 - -610))?
-65
What is the value of 0 - -50 - 36 - (34 - -1)?
-21
Evaluate (197 - 224) + 39 + -10 - -65.
67
What is -19 - (-1 - -1) - (-3844 + 3803)?
22
(-2 + (3 - 0) - -3) + 11 + -7 + 14
22
Evaluate -39 - (-49 + 50) - -30.
-10
Evaluate 4 + (0 + 0 - (22 - (51 - 14))).
19
What is -20 + 60 + -55 + 23?
8
-13 + (-12 - (-25 - (-1 + 14)))
13
Evaluate (-1 - 60) + (-8 - (-9 - ((5 - -4) + -8))).
-59
Evaluate -19 - (13 - (20 + -21) - 48).
15
-35 + 45 + (34 - 84)
-40
What is 44 + -49 - (17 - -2 - (16 + 9 + -20))?
-19
(-5 - -1 - 5) + -45 + (-14 - -33 - 23)
-58
Evaluate -89 - -53 - -30 - (5 - 8 - 15).
12
Evaluate -40 + 46 + -10 + 7 + 3 - 5.
1
What is the value of -30 + -45 + 22 + 45?
-8
What is the value of -2 + -18 + (33 - 54 - -21)?
-20
What is (33 - 64) + (13 - -1) + 3?
-14
What is (129 - (-49 + 28)) + -68?
82
(166 - -3) + (3738 - 3811)
96
Calculate (-4 - -3) + (2 - 45) - (3426 - 3410).
-60
What is the value of 349 - 496 - (1 + -105)?
-43
(-16 + 7 - -26) + -74 + 11 - (3 - 12)
-37
What is (-5 - (-2 - -6)) + 23 + -16 + 10 + -5?
3
Calculate (0 - ((-59 - -31) + -42)) + -27.
43
(7 - -55 - -1 - (186 + -182)) + -8
51
What is the value of -45 + (-21 + -2 - (58 - 58) - -25)?
-43
What is 2 - -1 - 59 - (0 + 1 - (98 + -109))?
-68
Evaluate -81 + -14 + (97 - 108).
-106
What is (-4 - ((-8 - -9) + -7)) + (-6 - -11) + -2?
5
(-11 + 2 - 2 - (6 + -29)) + -139
-127
Calculate 2 - (-22 + -4) - (-6 + -55).
89
What is -13 - (22 + 39) - -30?
-44
Calculate 9 - (-6 + 20 + 7 - (-7 + (-14 - -18))).
-15
What is the value of 15 + -81 - (-130 - -104)?
-40
33 + (64 - 62) + -9 + -2 + 6 + -5
25
(19 - (103 + -34)) + 17
-33
-3 - (13 + 15) - (23 - 22)
-32
What is the value of -2389 + 2359 - ((-73 - -2) + -2)?
43
-14 + 12 + 6 + -37 + 3
-30
-66 + 0 + -4 + 32 + -14 + -32 - 11
-95
Evaluate 2 + -68 + (9 - ((-4 - -3) + (9 - -1))).
-66
Calculate (-5 - (7 + 1 + -14)) + 5 + -32.
-26
What is (-15 - (2 + -12) - -9) + -1 + (30 - 7)?
26
(14 - (-14 - (-8 - 11))) + (-9 - (3 - -104))
-107
Calculate -15408 + 15439 - (79 + (-2 - -2)).
-48
What is -86 + 41 + 35 - (0 + -26 + 0)?
16
-21 - (-23 + -14 + 29)
-13
What is (84 - 48) + (-50 - (0 - 3))?
-11
Evaluate (-192 + 208 - (20 - -2)) + -6 + (-70 - 0).
-82
What is (-34 + -1 - 3) + (-1186 - -1361)?
137
-16 - 59 - (-28 + 75 + -90)
-32
What is the value of 11 + 0 + (-70 - (-40 + -17))?
-2
Calculate -18 - -2 - (138 - 297 - -116).
27
What is the value of 13 + (-5 - -22 - -48) + -11 + -8?
59
Calculate -15 + (-34 + 22 - 19) - -6.
-40
What is the value of (-64 - (9 + -17 + 4)) + 9 + 22?
-29
What is the value of 0 + -16 + 1 + (15 - 8) + (-54 - 2)?
-64
(27 - 12) + 30 + 27 - (14 + -3 + 3)
58
Evaluate -121 - ((-43 - 82) + -119).
123
What is -63 + 19 + (-18 - -69) + (60 - 0)?
67
Evaluate 4 + ((-32 + -9 - -19) + 42 - 14).
10
What is -3 - (52 - (-2 - (15 - 15)) - (-1 - 3))?
-61
Evaluate (-13 - 1) + 459 + -421.
24
What is -22 + 5 + 7 - (13 - (9 + -12) - 6)?
-20
Evaluate 1 - -32 - (199 + -210 + 15).
29
Evaluate -1 - -121 - 120 - (0 - -8).
-8
What is -82 - ((10 - 0) + (-4 + 8 - 14))?
-82
Calculate -17 - (-260 + 378 + -1 + -24).
-110
-20 - (-120 - -11) - (-21 + 47)
63
Calculate -42 + -17 + (7 - -15).
-37
What is the value of (3 - -89) + -37 + 3 + -1 + 12?
69
Evaluate -43 - (2 + -67 - -1).
21
What is 19 + (0 + 3 + (0 - 1) - (18 - 9))?
12
What is 21 - 36 - (19 + (9 - 18) + 2)?
-27
Calculate -65 + 113 + (-34 - 30).
-16
Evaluate (-1 - 5) + -2 - (6 - 8 - -8).
-14
(-21 - -12) + 15 + (-23 - -6 - 6)
-17
(7 - 3) + (111 - (6 - (14 + (-1 - 8))))
114
-133 + (-45 - -33) + 76
-69
Calculate 29 + 28 - 41 - (1 + -5) - -16.
36
-28 + (15 + -14 - -15) - -65
53
-95 + 48 + (-46 - -87)
-6
What is 9 + -15 + -2 - ((5 - (-7 + 14)) + 23)?
-29
What is the value of (1 - (-15 - -9 - 3 - -17)) + -38 + 6?
-39
What is the value of -21 + 8 + 10 - (-1 + 13)?
-15
Calculate (-9 + 15 - 7) + -7 + (-4 - -2).
-10
Evaluate 31 - 3 - 4 - (-24 + 12) - 13.
23
Calculate -9 - ((9 - 87) + -9) - ((9 - 1) + -20).
90
Evaluate (-13 - 30) + -11 + 1 + 0 + -855 + 860.
-48
Evaluate 90 + -1 + (-12731 - -12635).
-7
Calculate -20 + (-22 - ((1 - 2) + -10) - (-12 + 1)).
-20
Calculate 45 - ((39 - 65) + 34).
37
Calculate 53 + (-63 - 18) - -1.
-27
117 + 110 + -146 + -151
-70
-6 + 2 + 0 - (99 + -100 - (-38 - 6))
-47
Evaluate 47 + (-33 - -1 - (5 - 21)).
31
What is (41 - (-20 - -58) - (5 + 2 + -5)) + 29?
30
(5 - -4) + (-8 - -17) + -14 + -74
-70
What is (97 - 51 - 7) + 3?
42
What is the value of -67 - (122 + -73 + (11 - 38))?
-89
What is the value of 36 - (13 - (10 - 7 - (0 + 0)))?
26
Evaluate (0 - -34) + -9 - (3 - (7 + 11)).
40
What is (0 - -51) + (-32 - -51)?
70
Calculate 97 + -332 + 88 + 58.
-89
What is 2 - 7 - (69 + -45 - 74)?
45
Evaluate (-8 - -14 - 10 - (-14 + 8)) + 24.
26
Calculate -11 - -52 - (-79 - -67).
53
Calculate 120 + -127 - ((19 - (-1 - -1)) + -2).
-24
What is 187 + -122 - (2 - 3 - -9)?
57
Calculate 70 + -91 + 0 + 8 + -83.
-96
36 + 2 + -1 + 20 + (-28 - -8)
37
Evaluate (-10 - (32 + -21) - -16) + -13.
-18
Calculate -55 + -13 + (26 - 4) + 10.
-36
What is the value of 0 + 151 - 4 - 2 - 0 - (55 + -45)?
135
78 + -56 + 100 + -45
77
Evaluate -2 + 0 - (-229 + 221 - (14 + 0) - 51).
71
What is the value of (92 - (-1 + (0 - -1))) + (1231 - 1224)?
99
Calculate (-1 + 0 + 4 - -33) + -24 + 17.
29
Calculate (-20 - -52) + -3 + 8 + -28.
9
What is the value of -185 - -203 - (22 - 2)?
-2
-120 + (190 - (26 - -8))
36
(17 - 0) + (7 + -1 - 1 - (-550 - -560))
12
(-72 - 3 - -5) + (-6 - (-5 - -11 - 21))
-61
3 + 27 - (428 + -408) - (-1 + 64)
-53
What is the value of -23 + 23 - (45 + -25) - -26?
6
What is the value of 23 + 0 + (26 - (1 - -36 - (318 - 297)))?
33
Evaluate 47 + 45 + 65 + -95.
62
(1 - -8) + 11 + -9 + -15 + -7
-11
What is 23 - 38 - (4 - (-10 - -12))?
-17
What is 132 + -3 - (4554 + -4490 + (0 - 40))?
105
Calculate -36 + 61 + -22 - -19.
22
-51 - (4 + 33) - -52
-36
What is the value of (4 - 4) + (0 - 3) - (-3667 + 3754)?
-90
What is the value of 4 - (13 + -5 + -5 + -24 + 8)?
17
Evaluate 86 + (-178 - -76) + 13.
-3
What is -19 + 0 - (-162 + 419 + -246)?
-30
Calculate -55 - (-22 - 26 - 29).
22
Calculate 68 + -49 + -16 - -9.
12
(69 - 41) + -28 + (3 - -1) + (1 - 7)
-2
Evaluate 13 - (-9 - -24) - (10 - (-3 + 2)).
-13
1 + (3 - (6 + 5 - (3 + -37)))
-41
What is 164 + (-11 - 120) - 53?
-20
What is the value of (37 + -4 - 24) + -6 + -104 + 6?
-95
Calculate (13 + -21 - -18) + 5.
15
Calculate 3 + -24 + 59 + (-175 - -4) - 17.
-150
Evaluate (-2 - (-24 + 2 + 5)) + -13.
2
Calculate (14 - -45) + -111 + 144.
92
49 + (29 - (-50 - -94))
34
Calcula